{"id":336,"date":"2025-10-05T21:23:02","date_gmt":"2025-10-06T01:23:02","guid":{"rendered":"https:\/\/crisis2025.uqo.ca\/?page_id=336"},"modified":"2025-10-20T10:20:37","modified_gmt":"2025-10-20T14:20:37","slug":"336-2","status":"publish","type":"page","link":"https:\/\/crisis2025.uqo.ca\/?page_id=336","title":{"rendered":"Program"},"content":{"rendered":"\n<div class=\"wp-block-cover alignfull\" style=\"margin-top:0;margin-bottom:0;padding-top:0px;padding-bottom:80px;min-height:300px;aspect-ratio:unset;\"><img loading=\"lazy\" decoding=\"async\" width=\"1280\" height=\"717\" class=\"wp-block-cover__image-background wp-image-155\" alt=\"\" src=\"https:\/\/crisis2025.uqo.ca\/wp-content\/uploads\/2025\/03\/digital-8280787_1280.jpg\" style=\"object-position:49% 95%\" data-object-fit=\"cover\" data-object-position=\"49% 95%\" srcset=\"https:\/\/crisis2025.uqo.ca\/wp-content\/uploads\/2025\/03\/digital-8280787_1280.jpg 1280w, https:\/\/crisis2025.uqo.ca\/wp-content\/uploads\/2025\/03\/digital-8280787_1280-300x168.jpg 300w, https:\/\/crisis2025.uqo.ca\/wp-content\/uploads\/2025\/03\/digital-8280787_1280-1024x574.jpg 1024w, https:\/\/crisis2025.uqo.ca\/wp-content\/uploads\/2025\/03\/digital-8280787_1280-768x430.jpg 768w\" sizes=\"auto, (max-width: 1280px) 100vw, 1280px\" \/><span aria-hidden=\"true\" class=\"wp-block-cover__background has-background-dim-0 has-background-dim\" style=\"background-color:#e9ceb0\"><\/span><div class=\"wp-block-cover__inner-container has-global-padding is-layout-constrained wp-container-core-cover-is-layout-d4c6b484 wp-block-cover-is-layout-constrained\">\n<div style=\"height:150px\" aria-hidden=\"true\" class=\"wp-block-spacer\"><\/div>\n\n\n\n<h1 class=\"wp-block-heading has-text-align-center has-text-color has-link-color has-suranna-font-family wp-elements-ebab91b2baffcc9df81461a498f42e0f\" style=\"color:#ffffff;font-size:clamp(38.682px, 2.418rem + ((1vw - 3.2px) * 3.786), 72px);font-style:normal;font-weight:500\">P<strong>rogramme <\/strong><\/h1>\n\n\n\n<p class=\"has-text-align-center has-medium-font-size\"><em>La&nbsp;souverainet\u00e9&nbsp;en cybers\u00e9curit\u00e9 et la s\u00e9curit\u00e9 des cha\u00eenes d\u2019approvisionnement<\/em><\/p>\n<\/div><\/div>\n\n\n\n<p class=\"has-text-align-center has-medium-font-size\">\ud83d\udcc5&nbsp;22 octobre 2025<br>\ud83d\udccd&nbsp;Grande salle, Universit\u00e9 du Qu\u00e9bec en Outaouais, Pavillon Alexandre Tach\u00e9. 283 Boulevard Alexandre-Tach\u00e9, porte 1 (\u00e0 l\u2019arri\u00e8re du pavillon)<br>\ud83d\udd57 8 h 00 \u2013 13 h 00<\/p>\n\n\n\n<hr class=\"wp-block-separator has-alpha-channel-opacity\"\/>\n\n\n\n<ul class=\"wp-block-list\">\n<li><strong>8 h 00 \u2013 8 h 45<\/strong> | Accueil et petit-d\u00e9jeuner r\u00e9seautage\n<ul class=\"wp-block-list\">\n<li>Accueil des participants, caf\u00e9 et viennoiseries.<br>Moment de r\u00e9seautage entre les repr\u00e9sentants gouvernementaux, industriels et acad\u00e9miques.<\/li>\n<\/ul>\n<\/li>\n\n\n\n<li><strong>8 h 45 \u2013 9 h 00<\/strong> | Mot d\u2019ouverture\n<ul class=\"wp-block-list\">\n<li>Mot de bienvenue : Mme Murielle Laberge, rectrice de l&#8217;UQO<\/li>\n\n\n\n<li>Allocution d\u2019ouverture&nbsp;:&nbsp;<em> <\/em>Gilles B\u00e9langer, Ministre de la Cybers\u00e9curit\u00e9 et du Num\u00e9rique<\/li>\n\n\n\n<li>Pr\u00e9sentation des objectifs du forum : Prof. Kamel Adi<\/li>\n<\/ul>\n<\/li>\n\n\n\n<li><strong>9 h 00 \u2013 9 h 45<\/strong> | Conf\u00e9rence d\u2019ouverture (Keynote)\n<ul class=\"wp-block-list\">\n<li>Conf\u00e9rencier invit\u00e9&nbsp;:&nbsp;vice-amiral d\u2019escadre Arnaud Coustilliere, pr\u00e9sident du P\u00f4le d\u2019Excellence Cyber<\/li>\n\n\n\n<li>Titre<strong> :<\/strong> Le num\u00e9rique&nbsp;rebat les cartes de la souverainet\u00e9 et de la conflictualit\u00e9 : un espace de confrontation pour les Nations et de concurrence pour les entreprises&nbsp;!<\/li>\n<\/ul>\n<\/li>\n\n\n\n<li><strong>9 h 45 \u2013 10 h 45<\/strong> | Panel 1 \u2014 industrie de la cybers\u00e9curit\u00e9 au Qu\u00e9bec et au Canada.\n<ul class=\"wp-block-list\">\n<li>Mod\u00e9rateur :&nbsp;Benoit Dupont, \u00c9cole de criminologie &#8211; Universit\u00e9 de Montr\u00e9al&nbsp;<\/li>\n\n\n\n<li>Pan\u00e9listes : \n<ul class=\"wp-block-list\">\n<li>Bianca&nbsp;Lavoie, Directrice g\u00e9n\u00e9rale au&nbsp;minist\u00e8re de&nbsp;la&nbsp;Cybers\u00e9curit\u00e9&nbsp;et du Num\u00e9rique<\/li>\n\n\n\n<li>Pascal Fortin,&nbsp;PDG de Cybereco&nbsp;et Cofondateur de&nbsp;GoSecure<\/li>\n\n\n\n<li>Nicolas Duguay, Codirecteur g\u00e9n\u00e9ral d\u2019In-Sec-M<\/li>\n\n\n\n<li>Fran\u00e7ois Guay, PDG du&nbsp; R\u00e9seau&nbsp; canadien&nbsp; de&nbsp; cybers\u00e9curit\u00e9&nbsp; (Canadian Cybersecurity Network \u2013 CCN)&nbsp;<\/li>\n<\/ul>\n<\/li>\n<\/ul>\n<\/li>\n\n\n\n<li><strong>10 h 45 \u2013 11 h 00<\/strong> | Pause-caf\u00e9 et r\u00e9seautage<\/li>\n\n\n\n<li><strong>11 h 00 \u2013 12 h 00<\/strong> | Panel 2 \u2014 cybers\u00e9curit\u00e9 dans les cha\u00eenes d\u2019approvisionnement\n<ul class=\"wp-block-list\">\n<li>Mod\u00e9rateur : Kamel Adi, Professeur au D\u00e9partement d\u2019informatique et d\u2019ing\u00e9nierie, Universit\u00e9 du Qu\u00e9bec en Outaouais<\/li>\n\n\n\n<li>Pan\u00e9listes : \n<ul class=\"wp-block-list\">\n<li>Nora Boulahia Cuppens, Professeur \u00e0&nbsp;Polytechnique Montr\u00e9al&nbsp;&nbsp;<\/li>\n\n\n\n<li>David Espes, Professeur \u00e0 l\u2019Universit\u00e9 Bretagne Occidentale (UBO)<\/li>\n\n\n\n<li>Fran\u00e7ois Proulx, Vice-Pr\u00e9sident \u00e0 la Recherche en cybers\u00e9curit\u00e9 chez&nbsp;BoostSecurity<\/li>\n\n\n\n<li>David&nbsp;G\u00e9rard, Directeur principal de la gestion des produits chez&nbsp;Trend Micro<\/li>\n<\/ul>\n<\/li>\n<\/ul>\n<\/li>\n\n\n\n<li><strong>12 h 00 \u2013 12 h 15<\/strong> | Discussion et conclusion\n<ul class=\"wp-block-list\">\n<li>Synth\u00e8se des \u00e9changes, perspectives pour un \u00e9cosyst\u00e8me souverain et s\u00e9curis\u00e9, et pistes d\u2019action concert\u00e9e.<\/li>\n<\/ul>\n<\/li>\n\n\n\n<li><strong>12 h 15 \u2013 13 h 00<\/strong> | D\u00eener r\u00e9seautage<\/li>\n<\/ul>\n\n\n\n<div class=\"wp-block-columns is-layout-flex wp-container-core-columns-is-layout-28f84493 wp-block-columns-is-layout-flex\">\n<div class=\"wp-block-column is-layout-flow wp-block-column-is-layout-flow\" style=\"flex-basis:33.33%\">\n<figure class=\"wp-block-image alignright size-full is-resized\"><img loading=\"lazy\" decoding=\"async\" width=\"512\" height=\"512\" src=\"https:\/\/crisis2025.uqo.ca\/wp-content\/uploads\/2025\/10\/coktail-1.png\" alt=\"\" class=\"wp-image-560\" style=\"width:86px;height:auto\" srcset=\"https:\/\/crisis2025.uqo.ca\/wp-content\/uploads\/2025\/10\/coktail-1.png 512w, https:\/\/crisis2025.uqo.ca\/wp-content\/uploads\/2025\/10\/coktail-1-300x300.png 300w, https:\/\/crisis2025.uqo.ca\/wp-content\/uploads\/2025\/10\/coktail-1-150x150.png 150w\" sizes=\"auto, (max-width: 512px) 100vw, 512px\" \/><\/figure>\n<\/div>\n\n\n\n<div class=\"wp-block-column is-layout-flow wp-block-column-is-layout-flow\" style=\"flex-basis:66.66%\">\n<p class=\"has-medium-font-size\">Les participants au Forum industriel sont cordialement invit\u00e9s \u00e0 un cocktail r\u00e9seautage de <strong>17 h 30 \u00e0 19 h<\/strong>. (endroit \u00e0 venir)<\/p>\n<\/div>\n<\/div>\n\n\n\n<p><a href=\"https:\/\/crisis2025.uqo.ca\/?page_id=426\" data-type=\"page\" data-id=\"426\">Cliquez ici pour savoir plus sur notre conf\u00e9rencier invit\u00e9 et nos pan\u00e9listes<\/a><\/p>\n\n\n\n<p><\/p>\n\n\n\n<div class=\"wp-block-columns is-layout-flex wp-container-core-columns-is-layout-28f84493 wp-block-columns-is-layout-flex\">\n<div class=\"wp-block-column is-layout-flow wp-block-column-is-layout-flow\">\n<div class=\"wp-block-columns is-layout-flex wp-container-core-columns-is-layout-28f84493 wp-block-columns-is-layout-flex\">\n<div class=\"wp-block-column is-layout-flow wp-block-column-is-layout-flow\">\n<figure class=\"wp-block-image aligncenter size-full is-resized\"><img loading=\"lazy\" decoding=\"async\" width=\"931\" height=\"566\" src=\"https:\/\/crisis2025.uqo.ca\/wp-content\/uploads\/2025\/10\/Logo_LRSI-fond-transparent-2-4.png\" alt=\"\" class=\"wp-image-613\" style=\"width:95px;height:auto\" srcset=\"https:\/\/crisis2025.uqo.ca\/wp-content\/uploads\/2025\/10\/Logo_LRSI-fond-transparent-2-4.png 931w, https:\/\/crisis2025.uqo.ca\/wp-content\/uploads\/2025\/10\/Logo_LRSI-fond-transparent-2-4-300x182.png 300w, https:\/\/crisis2025.uqo.ca\/wp-content\/uploads\/2025\/10\/Logo_LRSI-fond-transparent-2-4-768x467.png 768w\" sizes=\"auto, (max-width: 931px) 100vw, 931px\" \/><\/figure>\n<\/div>\n\n\n\n<div class=\"wp-block-column is-layout-flow wp-block-column-is-layout-flow\">\n<figure class=\"wp-block-image aligncenter size-full\"><img loading=\"lazy\" decoding=\"async\" width=\"345\" height=\"146\" src=\"https:\/\/crisis2025.uqo.ca\/wp-content\/uploads\/2025\/10\/IMC2-4.jpg\" alt=\"\" class=\"wp-image-614\" srcset=\"https:\/\/crisis2025.uqo.ca\/wp-content\/uploads\/2025\/10\/IMC2-4.jpg 345w, https:\/\/crisis2025.uqo.ca\/wp-content\/uploads\/2025\/10\/IMC2-4-300x127.jpg 300w\" sizes=\"auto, (max-width: 345px) 100vw, 345px\" \/><\/figure>\n<\/div>\n<\/div>\n<\/div>\n\n\n\n<div class=\"wp-block-column is-layout-flow wp-block-column-is-layout-flow\">\n<div class=\"wp-block-columns is-layout-flex wp-container-core-columns-is-layout-28f84493 wp-block-columns-is-layout-flex\">\n<div class=\"wp-block-column is-layout-flow wp-block-column-is-layout-flow\">\n<figure class=\"wp-block-image size-full\"><img loading=\"lazy\" decoding=\"async\" width=\"225\" height=\"107\" src=\"https:\/\/crisis2025.uqo.ca\/wp-content\/uploads\/2025\/10\/bbl-6.png\" alt=\"\" class=\"wp-image-615\"\/><\/figure>\n<\/div>\n\n\n\n<div class=\"wp-block-column is-vertically-aligned-center is-layout-flow wp-block-column-is-layout-flow\">\n<figure class=\"wp-block-image aligncenter size-large\"><img loading=\"lazy\" decoding=\"async\" width=\"1024\" height=\"288\" src=\"https:\/\/crisis2025.uqo.ca\/wp-content\/uploads\/2025\/10\/thumbnail_to_affaires_logo_gda_rose_fondblanc_en_rgb-5-1024x288.png\" alt=\"\" class=\"wp-image-616\" srcset=\"https:\/\/crisis2025.uqo.ca\/wp-content\/uploads\/2025\/10\/thumbnail_to_affaires_logo_gda_rose_fondblanc_en_rgb-5-1024x288.png 1024w, https:\/\/crisis2025.uqo.ca\/wp-content\/uploads\/2025\/10\/thumbnail_to_affaires_logo_gda_rose_fondblanc_en_rgb-5-300x84.png 300w, https:\/\/crisis2025.uqo.ca\/wp-content\/uploads\/2025\/10\/thumbnail_to_affaires_logo_gda_rose_fondblanc_en_rgb-5-768x216.png 768w, https:\/\/crisis2025.uqo.ca\/wp-content\/uploads\/2025\/10\/thumbnail_to_affaires_logo_gda_rose_fondblanc_en_rgb-5-1536x432.png 1536w, https:\/\/crisis2025.uqo.ca\/wp-content\/uploads\/2025\/10\/thumbnail_to_affaires_logo_gda_rose_fondblanc_en_rgb-5-2048x576.png 2048w\" sizes=\"auto, (max-width: 1024px) 100vw, 1024px\" \/><\/figure>\n<\/div>\n<\/div>\n<\/div>\n<\/div>\n\n\n\n<div class=\"wp-block-columns is-layout-flex wp-container-core-columns-is-layout-28f84493 wp-block-columns-is-layout-flex\">\n<div class=\"wp-block-column is-layout-flow wp-block-column-is-layout-flow\">\n<figure class=\"wp-block-image aligncenter size-full is-resized\"><img loading=\"lazy\" decoding=\"async\" width=\"444\" height=\"113\" src=\"https:\/\/crisis2025.uqo.ca\/wp-content\/uploads\/2025\/10\/insecm-2.png\" alt=\"\" class=\"wp-image-595\" style=\"width:180px;height:auto\" srcset=\"https:\/\/crisis2025.uqo.ca\/wp-content\/uploads\/2025\/10\/insecm-2.png 444w, https:\/\/crisis2025.uqo.ca\/wp-content\/uploads\/2025\/10\/insecm-2-300x76.png 300w\" sizes=\"auto, (max-width: 444px) 100vw, 444px\" \/><\/figure>\n<\/div>\n\n\n\n<div class=\"wp-block-column is-layout-flow wp-block-column-is-layout-flow\">\n<figure class=\"wp-block-image aligncenter size-full is-resized\"><img loading=\"lazy\" decoding=\"async\" width=\"428\" height=\"244\" src=\"https:\/\/crisis2025.uqo.ca\/wp-content\/uploads\/2025\/10\/image-2.jpg\" alt=\"\" class=\"wp-image-596\" style=\"width:103px;height:auto\" srcset=\"https:\/\/crisis2025.uqo.ca\/wp-content\/uploads\/2025\/10\/image-2.jpg 428w, https:\/\/crisis2025.uqo.ca\/wp-content\/uploads\/2025\/10\/image-2-300x171.jpg 300w\" sizes=\"auto, (max-width: 428px) 100vw, 428px\" \/><\/figure>\n<\/div>\n\n\n\n<div class=\"wp-block-column is-layout-flow wp-block-column-is-layout-flow\">\n<figure class=\"wp-block-image aligncenter size-full is-resized\"><img loading=\"lazy\" decoding=\"async\" width=\"344\" height=\"101\" src=\"https:\/\/crisis2025.uqo.ca\/wp-content\/uploads\/2025\/10\/Cybereco-2.png\" alt=\"\" class=\"wp-image-597\" style=\"width:181px;height:auto\" srcset=\"https:\/\/crisis2025.uqo.ca\/wp-content\/uploads\/2025\/10\/Cybereco-2.png 344w, https:\/\/crisis2025.uqo.ca\/wp-content\/uploads\/2025\/10\/Cybereco-2-300x88.png 300w\" sizes=\"auto, (max-width: 344px) 100vw, 344px\" \/><\/figure>\n<\/div>\n<\/div>\n\n\n\n<div class=\"wp-block-columns is-layout-flex wp-container-core-columns-is-layout-28f84493 wp-block-columns-is-layout-flex\">\n<div class=\"wp-block-column is-layout-flow wp-block-column-is-layout-flow\"><\/div>\n\n\n\n<div class=\"wp-block-column is-layout-flow wp-block-column-is-layout-flow\"><\/div>\n\n\n\n<div class=\"wp-block-column is-layout-flow wp-block-column-is-layout-flow\"><\/div>\n<\/div>\n\n\n\n<div class=\"wp-block-columns is-layout-flex wp-container-core-columns-is-layout-28f84493 wp-block-columns-is-layout-flex\">\n<div class=\"wp-block-column is-layout-flow wp-block-column-is-layout-flow\"><\/div>\n\n\n\n<div class=\"wp-block-column is-layout-flow wp-block-column-is-layout-flow\">\n<p><\/p>\n<\/div>\n\n\n\n<div class=\"wp-block-column is-layout-flow wp-block-column-is-layout-flow\"><\/div>\n<\/div>\n","protected":false},"excerpt":{"rendered":"<p>\ud83d\udcc5&nbsp;22 octobre 2025\ud83d\udccd&nbsp;Grande salle, Universit\u00e9 du Qu\u00e9bec en Outaouais, Pavillon Alexandre Tach\u00e9. 283 Boulevard Alexandre-Tach\u00e9, porte 1 (\u00e0 l\u2019arri\u00e8re du pavillon)\ud83d\udd57 8 h 00 \u2013 13 h 00 Les participants au Forum industriel sont cordialement invit\u00e9s \u00e0 un cocktail r\u00e9seautage de 17 h 30 \u00e0 19 h. (endroit \u00e0 venir) Cliquez ici pour savoir plus [&hellip;]<\/p>\n","protected":false},"author":1,"featured_media":0,"parent":286,"menu_order":0,"comment_status":"closed","ping_status":"closed","template":"","meta":{"footnotes":""},"class_list":["post-336","page","type-page","status-publish","hentry"],"_links":{"self":[{"href":"https:\/\/crisis2025.uqo.ca\/index.php?rest_route=\/wp\/v2\/pages\/336","targetHints":{"allow":["GET"]}}],"collection":[{"href":"https:\/\/crisis2025.uqo.ca\/index.php?rest_route=\/wp\/v2\/pages"}],"about":[{"href":"https:\/\/crisis2025.uqo.ca\/index.php?rest_route=\/wp\/v2\/types\/page"}],"author":[{"embeddable":true,"href":"https:\/\/crisis2025.uqo.ca\/index.php?rest_route=\/wp\/v2\/users\/1"}],"replies":[{"embeddable":true,"href":"https:\/\/crisis2025.uqo.ca\/index.php?rest_route=%2Fwp%2Fv2%2Fcomments&post=336"}],"version-history":[{"count":25,"href":"https:\/\/crisis2025.uqo.ca\/index.php?rest_route=\/wp\/v2\/pages\/336\/revisions"}],"predecessor-version":[{"id":618,"href":"https:\/\/crisis2025.uqo.ca\/index.php?rest_route=\/wp\/v2\/pages\/336\/revisions\/618"}],"up":[{"embeddable":true,"href":"https:\/\/crisis2025.uqo.ca\/index.php?rest_route=\/wp\/v2\/pages\/286"}],"wp:attachment":[{"href":"https:\/\/crisis2025.uqo.ca\/index.php?rest_route=%2Fwp%2Fv2%2Fmedia&parent=336"}],"curies":[{"name":"wp","href":"https:\/\/api.w.org\/{rel}","templated":true}]}}